e the prime factors of 154011269?
53, 743, 3911
List the prime factors of 776773579.
776773579
What are the prime factors of 132067141?
191, 691451
What are the prime factors of 2318997931?
17, 23, 257867
List the prime factors of 202263373.
13, 41, 61, 6221
What are the prime factors of 37705593?
3, 12568531
What are the prime factors of 164296992?
2, 3, 1711427
List the prime factors of 554823640.
2, 5, 7, 1981513
What are the prime factors of 189336329?
7, 13, 137, 15187
List the prime factors of 9823521.
3, 163, 20089
What are the prime factors of 34907699?
47, 742717
List the prime factors of 2582454.
2, 3, 7, 61487
What are the prime factors of 57001854?
2, 3, 7, 13, 104399
What are the prime factors of 2396121610?
2, 5, 17, 14094833
List the prime factors of 336950844.
2, 3, 28079237
What are the prime factors of 21879375?
3, 5, 7, 1667
What are the prime factors of 851473841?
1213, 701957
List the prime factors of 49493996.
2, 1021, 12119
List the prime factors of 4340126069.
8539, 508271
List the prime factors of 1607389907.
1607389907
What are the prime factors of 675197133?
3, 13, 631, 27437
What are the prime factors of 275847006?
2, 3, 3313, 13877
List the prime factors of 44353147.
2963, 14969
What are the prime factors of 100534870?
2, 5, 41, 73, 3359
List the prime factors of 693569787.
3, 19, 331, 36761
What are the prime factors of 66500747?
43, 419, 3691
What are the prime factors of 38412167?
19, 2021693
What are the prime factors of 65152552?
2, 8144069
What are the prime factors of 6777637253?
43, 97, 1624943
List the prime factors of 192758579.
13, 14827583
List the prime factors of 13407899.
709, 18911
What are the prime factors of 4636092278?
2, 227, 10211657
What are the prime factors of 3651512174?
2, 107, 17063141
What are the prime factors of 482896066?
2, 3491, 69163
What are the prime factors of 13904367?
3, 101, 109, 421
List the prime factors of 15758490.
2, 3, 5, 11, 17, 53
List the prime factors of 735892346.
2, 7, 52563739
What are the prime factors of 452621246?
2, 7, 11, 1213, 2423
What are the prime factors of 281060104?
2, 13, 691, 3911
What are the prime factors of 63498?
2, 3, 19, 557
List the prime factors of 113001785.
5, 13, 647, 2687
List the prime factors of 85817300.
2, 5, 19, 31, 47
List the prime factors of 2071304145.
3, 5, 46028981
What are the prime factors of 1094796698?
2, 547398349
List the prime factors of 3907377454.
2, 31, 63022217
List the prime factors of 891763132.
2, 13, 17149291
List the prime factors of 83049585.
3, 5, 5536639
What are the prime factors of 345090183?
3, 23, 5001307
What are the prime factors of 8292610686?
2, 3, 19, 179, 406381
List the prime factors of 4691104318.
2, 1471, 1594529
List the prime factors of 2501250104.
2, 199, 1571137
What are the prime factors of 1599572929?
83, 109, 176807
List the prime factors of 261019894.
2, 29, 59, 83, 919
What are the prime factors of 323060927?
7, 107, 181, 2383
What are the prime factors of 12362961?
3, 13, 17, 29, 643
List the prime factors of 4162832942.
2, 17, 122436263
What are the prime factors of 38629637?
1279, 30203
List the prime factors of 103099472.
2, 7, 19, 48449
What are the prime factors of 80725664?
2, 101, 24977
List the prime factors of 761532685.
5, 1031, 147727
List the prime factors of 21909961.
23, 71, 13417
List the prime factors of 653157664.
2, 139, 146843
What are the prime factors of 253918215?
3, 5, 5642627
What are the prime factors of 182843854?
2, 83, 373, 2953
What are the prime factors of 559534846?
2, 13, 23, 935677
What are the prime factors of 117033558?
2, 3, 19505593
What are the prime factors of 1192256428?
2, 11, 23, 1013, 1163
What are the prime factors of 72141447?
3, 7, 73, 47059
What are the prime factors of 11331830?
2, 5, 1133183
What are the prime factors of 682262875?
5, 7, 89, 8761
What are the prime factors of 3182912047?
7, 454701721
What are the prime factors of 558561075?
3, 5, 131, 139, 409
List the prime factors of 142379848.
2, 13, 37, 163, 227
What are the prime factors of 5987365935?
3, 5, 399157729
List the prime factors of 39815165.
5, 13, 19, 103, 313
List the prime factors of 440024219.
3623, 121453
What are the prime factors of 39945486?
2, 3, 7, 19, 7151
List the prime factors of 120931224.
2, 3, 5038801
What are the prime factors of 219750418?
2, 23, 4777183
List the prime factors of 1911617528.
2, 601, 397591
What are the prime factors of 34656613?
181, 191473
List the prime factors of 746128028.
2, 17, 1579, 6949
What are the prime factors of 1559912992?
2, 11, 23, 192677
List the prime factors of 3018522692.
2, 79, 9552287
What are the prime factors of 9275963633?
9275963633
What are the prime factors of 22948880?
2, 5, 37, 7753
What are the prime factors of 283616509?
11, 2377, 10847
List the prime factors of 50563689.
3, 11, 223, 6871
What are the prime factors of 2377030150?
2, 5, 11, 19, 227467
List the prime factors of 161823016.
2, 29, 697513
List the prime factors of 211192992.
2, 3, 23, 31883
What are the prime factors of 1158816821?
19, 829, 73571
What are the prime factors of 181685189?
7, 3707861
What are the prime factors of 953454587?
197, 4839871
What are the prime factors of 1147609448?
2, 5927, 24203
What are the prime factors of 785295683?
89, 8823547
What are the prime factors of 22659450?
2, 3, 5, 11, 31, 443
What are the prime factors of 78202011?
3, 977, 26681
List the prime factors of 5505411548.
2, 7, 13, 15124757
List the prime factors of 504608422.
2, 19, 13279169
List the prime factors of 923192897.
11, 107, 293, 2677
List the prime factors of 2677399251.
3, 53, 61, 276049
List the prime factors of 113692546.
2, 11, 229, 22567
List the prime factors of 237022612.
2, 479, 123707
What are the prime factors of 3196204028?
2, 29, 27553483
What are the prime factors of 26787393?
3, 17, 175081
List the prime factors of 3968074087.
59, 191, 352123
What are the prime factors of 32936914?
2, 16468457
What are the prime factors of 33121193?
7, 4731599
List the prime factors of 60922624.
2, 7, 33997
List the prime factors of 910806589.
7, 11, 349, 33893
What are the prime factors of 269667995?
5, 53933599
List the prime factors of 84378954.
2, 3, 11, 571, 2239
List the prime factors of 44244729.
3, 4916081
List the prime factors of 995558113.
11, 8227753
List the prime factors of 92210015.
5, 743, 24821
What are the prime factors of 2202514077?
3, 593, 1238063
What are the prime factors of 24035197?
79, 367, 829
What are the prime factors of 6354713233?
11, 577701203
What are the prime factors of 26037720?
2, 3, 5, 24109
List the prime factors of 1356610893.
3, 11, 5407, 7603
What are the prime factors of 76020612?
2, 3, 23, 67, 4111
List the prime factors of 981892565.
5, 853, 230221
List the prime factors of 557073691.
557073691
What are the prime factors of 1970161656?
2, 3, 82090069
What are the prime factors of 48412518?
2, 3, 7, 11, 104789
List the prime factors of 91726127.
61, 257, 5851
What are the prime factors of 111444144?
2, 3, 7, 47, 7057
What are the prime factors of 30047273?
30047273
What are the prime factors of 956700383?
269, 3556507
List the prime factors of 374998.
2, 13, 14423
List the prime factors of 2454178.
2, 41, 173
List the prime factors of 38688490.
2, 5, 3868849
List the prime factors of 46195974.
2, 3, 11, 83, 937
List the prime factors of 116821829.
59, 1980031
What are the prime factors of 137090741?
23, 1489, 4003
List the prime factors of 298305751.
298305751
List the prime factors of 80357261.
80357261
What are the prime factors of 442146731?
13, 29, 1172803
What are the prime factors of 63928704?
2, 3, 7, 17, 1399
What are the prime factors of 5390318788?
2, 241, 5591617
List the prime factors of 1633837706.
2, 23, 103, 419, 823
What are the prime factors of 2720412?
2, 3, 25189
List the prime factors of 95080194.
2, 3, 11, 480203
List the prime factors of 121876850.
2, 5, 29, 84053
List the prime factors of 48693024.
2, 3, 23, 7351
What are the prime factors of 51001375?
5, 408011
List the prime factors of 30674441.
7, 626009
List the prime factors of 5036173387.
7, 107, 6723863
What are the prime factors of 28421678?
2, 661, 21499
List the prime factors of 3451515344.
2, 215719709
What are the